 31406310007 a composite number?
False
Is 1814123639 composite?
False
Is 1267122061 prime?
True
Is 9976114703 a prime number?
True
Is 5398401017 composite?
True
Is 199539211 composite?
True
Is 4733826473 composite?
True
Is 30503390921 a prime number?
False
Is 3191286191 a prime number?
False
Is 123991313 a composite number?
False
Is 1647815327 prime?
False
Is 7268686791 prime?
False
Is 2513375783 a composite number?
True
Is 56598395599 a prime number?
True
Is 3520020545 a prime number?
False
Is 2958559891 a prime number?
False
Is 34690897117 prime?
True
Is 13644649754 composite?
True
Is 24630933989 a composite number?
False
Is 527295821101 prime?
False
Is 9578359169 composite?
True
Is 1910529763 prime?
True
Is 749896909 a composite number?
True
Is 1242817699 prime?
True
Is 5235848315 a prime number?
False
Is 980151253 prime?
True
Is 11564507893 prime?
False
Is 9107581127 a composite number?
False
Is 4933495769 a composite number?
False
Is 289225430751 a prime number?
False
Is 457027391 prime?
False
Is 433974491 a prime number?
True
Is 481529 a prime number?
False
Is 5825555837 a composite number?
False
Is 27553597079 composite?
False
Is 43188689 composite?
False
Is 206156235293 a composite number?
False
Is 715720589 composite?
False
Is 9690184499 prime?
True
Is 29986135199 prime?
True
Is 111408399919 a prime number?
True
Is 1276074929 a composite number?
False
Is 22446490877 a prime number?
True
Is 110450745778 composite?
True
Is 48460354993 a composite number?
False
Is 213099619 prime?
True
Is 572285293 a prime number?
True
Is 1797818215 composite?
True
Is 1690699711 composite?
True
Is 45680675345 prime?
False
Is 11391924851 a prime number?
True
Is 11074875799 composite?
True
Is 2367235991 composite?
False
Is 74170690351 a prime number?
True
Is 5411719129 a composite number?
False
Is 1862691197 a prime number?
True
Is 2082175527 composite?
True
Is 126737161979 a composite number?
False
Is 624609003 composite?
True
Is 6040917607 prime?
True
Is 1387108617 a composite number?
True
Is 24870584947 composite?
True
Is 1742112637 a prime number?
True
Is 187627441 prime?
True
Is 4271607343 a composite number?
False
Is 1203780113 prime?
True
Is 8500190443 a prime number?
True
Is 1343161969 a prime number?
True
Is 102607409 prime?
False
Is 21853629713 a prime number?
True
Is 4630989269 prime?
True
Is 573886693 composite?
True
Is 3655644457 a prime number?
False
Is 398859893 composite?
False
Is 7802127581 a prime number?
False
Is 241000157 composite?
False
Is 11120408963 a prime number?
True
Is 51163090613 prime?
False
Is 1403756747 a prime number?
False
Is 729676333 prime?
False
Is 1483119277 composite?
False
Is 10883554859 prime?
False
Is 3569411077 a prime number?
True
Is 531470743 a prime number?
False
Is 40531855213 prime?
True
Is 38190225613 prime?
True
Is 2594925727 a composite number?
False
Is 35352766003 a composite number?
True
Is 1318280087 composite?
False
Is 206343449557 a composite number?
True
Is 515449959 prime?
False
Is 4988842979 a prime number?
True
Is 153246130721 a prime number?
True
Is 1969267501 composite?
True
Is 194068513 a prime number?
True
Is 44521930259 prime?
False
Is 5513048351 a composite number?
True
Is 46022440117 prime?
True
Is 174774823 prime?
True
Is 10480506821 prime?
False
Is 14369228963 composite?
False
Is 70933237 a prime number?
True
Is 16273622177 a composite number?
False
Is 1282787699 prime?
True
Is 49408473409 a prime number?
True
Is 16807783891 composite?
False
Is 47046840311 composite?
True
Is 894645019 composite?
False
Is 72825278947 composite?
True
Is 30268789351 composite?
False
Is 4727498519 prime?
True
Is 5620066819 prime?
False
Is 689324333 prime?
False
Is 16298426219 composite?
True
Is 2309158403 a composite number?
False
Is 279468347 a prime number?
False
Is 426320269 a prime number?
True
Is 274219021 a prime number?
False
Is 2102584963 a composite number?
False
Is 3342077843 composite?
True
Is 8750626361 composite?
False
Is 2231093951 composite?
True
Is 245863213 composite?
False
Is 78978336607 prime?
True
Is 62445800435 a composite number?
True
Is 142373461 a composite number?
False
Is 5033820863 prime?
False
Is 5812216259 composite?
False
Is 493903273 a prime number?
True
Is 523414127 a composite number?
True
Is 13559969 composite?
True
Is 9083295899 a prime number?
True
Is 1249499929 a composite number?
True
Is 4041544709 a composite number?
False
Is 60343513057 a composite number?
True
Is 26446238383 a prime number?
True
Is 390381583 a prime number?
False
Is 5231057459 a composite number?
True
Is 45591005729 composite?
False
Is 91463169185 prime?
False
Is 1503570487 a prime number?
True
Is 88230898081 composite?
True
Is 84463021393 composite?
False
Is 3054027121 prime?
True
Is 3411349229 prime?
False
Is 21775933 composite?
False
Is 381591227 a composite number?
False
Is 32077111909 composite?
False
Is 1060596223 prime?
True
Is 182627102755 prime?
False
Is 32180359 a composite number?
False
Is 609022762 composite?
True
Is 63405788521 prime?
True
Is 32334572843 a prime number?
True
Is 438264991 composite?
False
Is 68350920661 prime?
True
Is 28913998285 a prime number?
False
Is 707110171 a composite number?
False
Is 13012519643 a composite number?
True
Is 16983544757 a prime number?
False
Is 178204011 a prime number?
False
Is 948062081 composite?
False
Is 7049105519 a prime number?
True
Is 12098068429 composite?
False
Is 24099005201 a composite number?
True
Is 180279691 composite?
False
Is 120686917163 prime?
True
Is 2061206861 composite?
True
Is 520132003 a composite number?
False
Is 1646046461 prime?
True
Is 3338340953 a prime number?
False
Is 87727334693 a prime number?
False
Is 320283167 a composite number?
False
Is 1415900411 a composite number?
False
Is 72982335571 prime?
False
Is 11712366437 a composite number?
True
Is 289217755027 a composite number?
True
Is 8907948607 a prime number?
True
Is 1221495823 prime?
False
Is 853635889 composite?
False
Is 278892683 composite?
False
Is 49099104739 prime?
True
Is 1196106473 a composite number?
False
Is 19578695 a prime number?
False
Is 763429729 composite?
False
Is 16181740753 a composite number?
True
Is 13296647893 prime?
True
Is 22097669981 a prime number?
True
Is 16772207849 a composite number?
False
Is 777950021 a prime number?
True
Is 264019739 prime?
False
Is 29733290189 a prime number?
False
Is 12730043713 prime?
True
Is 1239848593 a prime number?
False
Is 649993699 prime?
False
Is 1262685129 a prime number?
False
Is 4256868557 composite?
False
Is 18732030661 a composite number?
True
Is 4061932097 a composite number?
True
Is 6454393355 a composite number?
True
Is 9019259 a composite number?
False
Is 185630923 composite?
True
Is 170763349083 a prime number?
False
Is 337021511 prime?
False
Is 41033651887 a prime number?
False
Is 3284919041 prime?
False
Is 17342511987 composite?
True
Is 1154112527 a composite number?
False
Is 5391476045 prime?
False
Is 13843780397 a composite number?
True
Is 27653496839 composite?
True
Is 135903761111 a composite number?
True
Is 128096263 a composite number?
False
Is 57182243633 a prime number?
True
Is 34693683373 a prime number?
True
Is 272440336783 composite?
True
Is 1175931671 a prime number?
True
Is 18070901077 a composite number?
True
Is 771911377 composite?
True
Is 20852998331 a prime number?
False
Is 63852546371 composite?
False
Is 646704448943 a prime number?
False
Is 12269014003 composite?
False
Is 7531098061 composite?
True
Is 345574829 a prime number?
True
Is 19894253123 prime?
True
Is 192903499 a composite number?
False
Is 19627938545 a composite number?
True
Is 147710797189 a prime number?
True
Is 3122209459 composite?
False
Is 116277691 prime?
True
Is 747097667 a prime number?
True
Is 3258959549 composite?
False
Is 1143551671 composite?
True
Is 4650547714 a prime number?
False
Is 66890165807 prime?
True
Is 1025506073 a prime number?
True
Is 2935715077 prime?
False
Is 385630957 a prime number?
True
Is 8692111501 composite?
False
Is 54700329209 a prime number?
False
Is 4780203487 a composite number?
True
Is 31415191741 a prime number?
False
Is 413613721 prime?
False
Is 14188821353 composite?
True
Is 2970620839 a prime number?
False
Is 4771652453 prime?
False
Is 3839253367 a composite number?
Fa